*i - 2607 = 0, -1256 - 1321 = -4*g - 3*i. What is the highest common factor of 168 and g?
24
Let s be (-1*(-3)/(-2))/(21/(360360/(-20))). What is the highest common divisor of 15 and s?
3
Suppose -121 = -6*g - 5*g. What is the greatest common factor of g and 1551?
11
Let z = 284 + -282. Suppose 4*o + z*t - 872 = 0, 0 = -3*o + 3*t - 0*t + 636. What is the highest common divisor of o and 27?
27
Suppose 0 = 461*u - 457*u - 3*o - 13409, 4*u = -o + 13397. Calculate the highest common divisor of u and 800.
50
Let b(c) = -c**3 + 10*c**2 - 10*c - 3. Let f be b(8). Suppose 0 = -5*k + 2*u + 827, -50*k = -54*k - u + 659. Calculate the highest common factor of f and k.
15
Suppose 0 = 3*i + 10*i - 807 + 651. Let s be (-2)/(-9) + 644/18. What is the greatest common divisor of s and i?
12
Let w be 3/10 + 87722/460. Let p = w + -187. What is the highest common factor of 124 and p?
4
Let c = 31 + -37. Let b(r) = -r**3 - 5*r**2 + 4*r + 1. Let v be b(c). Suppose 136 + 384 = 5*l. Calculate the greatest common factor of v and l.
13
Let u(w) be the first derivative of 3*w**2 - 20*w - 100. Let d be u(6). What is the greatest common divisor of 80 and d?
16
Suppose 5*m = 930 - 5835. Let x be m/(-9) + (-3)/(-1). Let f = -617 - -631. What is the highest common factor of f and x?
14
Suppose -2*i - 2*x + 6 + 16 = 0, 0 = 3*i - 3*x - 57. Suppose -26*j = -15*j + 220. Let l = j + 125. Calculate the highest common divisor of l and i.
15
Let a = 1857 - 1846. Let o(c) = 0*c**2 - 5*c - c + 1 + c**2 + 0*c + c**3. Let m be o(5). Calculate the highest common divisor of m and a.
11
Let r(j) = 2*j**3 - 11*j**2 + 21*j - 158. Let a be r(10). What is the highest common divisor of 280 and a?
56
Suppose 23*r - 112 = 21*r. Suppose 3*m = 3*f - 48, -5*m + 48 = 3*f + 16. Calculate the highest common factor of f and r.
14
Let p = 1000 - 534. Let o = -386 + p. What is the highest common divisor of 12 and o?
4
Suppose -4*g + 2*w = -92, 4*g = -4*w + w + 112. Suppose -652 = -22*p + 448. What is the highest common factor of p and g?
25
Suppose 0 = 360*r - 8571 - 25989. What is the highest common factor of 17824 and r?
32
Suppose -6*u + 554 = -1996. Let q = u + -404. Calculate the greatest common factor of 84 and q.
21
Let n be -200 + (6 + -7 - 0). Let u = -179 - n. What is the highest common factor of 352 and u?
22
Suppose 29*n = 2542 + 3345. What is the greatest common divisor of 49 and n?
7
Let p be 6 + 12/60*-5. Let r = 11 - 7. Suppose r*d - 313 = -d - j, 4*d = -p*j + 263. What is the greatest common factor of 31 and d?
31
Suppose -73*y + 275*y = 159984. What is the highest common factor of 88 and y?
88
Let w(n) = -19*n + 2. Let z be w(-2). Let m = 711378 - 710678. Calculate the highest common divisor of m and z.
20
Suppose -5*i = -b - 2*b + 75, 3*b + 45 = -3*i. Let y be (-3 - i)*(-2)/2. Let m be -6*88/y*8. Calculate the highest common factor of 32 and m.
32
Let t(a) = -a**2 - 6*a + 5. Let q be t(-6). Let v(z) = 7*z**2 + 339*z - 191. Let n be v(-49). What is the highest common divisor of q and n?
5
Suppose h - 14 = 4*q, 4*h = h + 5*q + 14. Let a be (-12)/24 - (3/h)/3. Suppose j + 70 = 4*l + 18, a = 4*j. Calculate the highest common factor of l and 104.
13
Let m(r) = 2*r**2 + 9*r + 6. Let l be m(-10). Let d be 7 + -3 + 36 + 47. Calculate the highest common divisor of l and d.
29
Let a(u) = 19*u - 2. Let o be a(2). Let k be (345/414)/(4/432*2). What is the greatest common divisor of o and k?
9
Let j = 946 - 668. Let o be j/6 - (-14)/(-42). What is the highest common factor of 46 and o?
46
Let k be (2/(-4))/((-7)/(-1) + (-18057)/2574). Calculate the greatest common divisor of k and 24.
3
Suppose 2*g = 2*b - 338, b + g + 335 = 3*b. Suppose -14*u + b + 58 = 0. Calculate the greatest common divisor of 208 and u.
16
Suppose 3*x - 237 + 81 = 0. What is the greatest common factor of x and 767?
13
Suppose 22 - 16 = -6*z. Let i(n) = -6*n - 6. Let f be i(z). Suppose -q - 1 = f, 17 = 2*x - 3*q - 4. Calculate the highest common factor of x and 2.
1
Let z = 7557 - 2357. Calculate the highest common factor of z and 10.
10
Let z be -26 + 6 + 60/2. Calculate the greatest common divisor of z and 33230.
10
Let y(a) = -4*a**3 - a**2 + a + 1. Let o be y(-1). Suppose -i = -2*i + o*i. Let p be 60/((-20)/(-4)) + i. Calculate the highest common factor of p and 12.
12
Suppose -645257 = -21*n + 375217. What is the greatest common divisor of n and 182?
182
Let u(y) = -157*y**3 + 4*y**2 + y - 36. Let b be u(-4). Calculate the highest common divisor of 8 and b.
8
Let h = -3051 + 3143. Calculate the greatest common factor of 120 and h.
4
Let i be (-4)/32*4*2 + 11. Suppose -i*r = -502 - 128. What is the highest common divisor of r and 273?
21
Suppose 2*n = 1 - 5. Let w(s) be the second derivative of -8*s**3/3 - 5*s**2/2 + 1284*s. Let o be w(n). Calculate the highest common factor of o and 18.
9
Let v(a) = 116*a + 22. Let m be v(3). What is the highest common divisor of m and 222?
74
Suppose -4*l + 3*l - 3*n = -6, 4*l = -5*n + 17. Suppose 451 = -110*t + 231. Let p be (l + t + 70/(-5))/(-1). Calculate the greatest common factor of 39 and p.
13
Suppose -19*z - z = -8320. Suppose y + 269 = z. Calculate the highest common factor of 21 and y.
21
Suppose -974*n + 32881 - 3941 = 473*n. Let f = 31 + 24. Calculate the greatest common divisor of n and f.
5
Let x(f) = 4*f**3 + 42*f**2 + 17*f + 20. Let c be x(-10). What is the greatest common factor of 3175 and c?
25
Suppose 4 = 13*i - 22. Let h(c) = 8*c**2 - 4*c + 2. Let m be h(i). Calculate the highest common divisor of m and 91.
13
Let a(g) be the third derivative of -g**6/120 + g**5/6 + g**4/4 + 70*g**2. Let p be a(10). What is the greatest common factor of 210 and p?
30
Let z be (-4)/5*15990/(-328). Calculate the greatest common divisor of 4719 and z.
39
Let z = 26325 - 11128. Calculate the highest common factor of 91 and z.
91
Let p(c) = -c**2 - 11*c - 10. Let u be p(-9). Let j = -3189 - -3201. Calculate the highest common factor of u and j.
4
Let k(t) = -83*t + 34. Let x(q) = q + 8. Let u(n) = 2*k(n) - 6*x(n). Let s be u(-1). What is the greatest common divisor of s and 36?
12
Let h(y) = y**3 - 9*y**2 - 11*y + 12. Let n be h(10). Suppose 58 = -3*l - n. Let p be (-1278)/(-14) + l/70 - 3. Calculate the highest common factor of p and 22.
22
Suppose 3*n = -26 - 325. Let u = n - -293. What is the greatest common factor of 11 and u?
11
Let a = -11 + 67. Suppose 69 - 461 = -14*w. Calculate the highest common divisor of w and a.
28
Suppose 0 = 16*g - 844 - 4116. Let x(d) = 5*d**2 + 6*d - 1. Let t be x(2). Calculate the highest common divisor of g and t.
31
Let g be (-1)/2 - 101898/(-148). Suppose 3*d - 3*l + 28 = g, -7*d - 4*l + 1595 = 0. Calculate the highest common divisor of d and 50.
25
Suppose -881 - 1339 = 12*c. Let x = -182 - c. What is the greatest common factor of 39 and x?
3
Let d(m) = 6*m**2 - 813*m - 10560. Let b be d(-12). Let k = 487 + -7. What is the highest common divisor of b and k?
60
Let o(t) = 2*t**2 - 24*t + 14. Let s be o(12). Let k = -10 + s. Suppose v + 2*a = 9, k*a - 52 = -2*v - 2*v. Calculate the highest common factor of v and 153.
17
Let b(l) = 5*l**2 - 73*l - 586. Let g be b(-7). Calculate the highest common divisor of g and 102.
34
Let j = -6521 + 14789. Calculate the highest common factor of 1404 and j.
156
Suppose 32*w - w - 24769 = -16*w. What is the greatest common factor of w and 85?
17
Suppose 0*q = -3*p + 3*q + 27, 2*p = 5*q + 33. Let g be p - (-25)/(8 - 3). Let s(k) = -2*k + 20. Let x be s(g). What is the highest common divisor of x and 1?
1
Suppose 7417 = 11*h - 3210 + 1167. Calculate the highest common divisor of h and 580.
20
Let x = 2346 - 1787. Calculate the greatest common factor of 13 and x.
13
Let m(b) = b**3 - 2*b**2 - 5*b + 6. Let o be m(4). Suppose 5*s + 1034 = 2*r, 5*s - 553 - 1023 = -3*r. Calculate the highest common divisor of r and o.
18
Suppose 26*q - 4386 - 17194 = 0. Calculate the highest common divisor of 40 and q.
10
Let y be 2 + 1694/56*68. What is the greatest common divisor of 58 and y?
29
Let d be (132/8 - 27)*(-48)/14. What is the highest common divisor of 21 and d?
3
Let d = 41213 + -26698. What is the greatest common factor of 5 and d?
5
Let g be ((-623)/267)/(2/(-3072)). Calculate the greatest common divisor of g and 1120.
